 5*q + 21 = 106. Calculate the remainder when u is divided by q.
14
Suppose 24*i + 1406 = 2270. Calculate the remainder when 38949 is divided by i.
33
Let a(q) = -6*q + 38. Let u be a(9). Let k be -88*((-4)/u - (-12)/(-16)). What is the remainder when (-8)/(-20) + (-36)/(-40)*k is divided by 29?
11
Suppose 33*u - 34 = 16*u. Let t = u - -25. Calculate the remainder when 58 is divided by t.
4
Let p(t) = 3*t**3 - 3*t**2 - 1. What is the remainder when p(4) is divided by (-40552)/(-962) + (-4)/26?
17
Let s be (1/(-3))/(4/(-72)*-6). Let k(y) = 17*y**2 - 5*y - 2. What is the remainder when 30 is divided by k(s)?
10
Calculate the remainder when 0 + -12 + -13 - -414 is divided by 17.
15
Suppose -17*i = 1692 - 2984. Calculate the remainder when 186 is divided by i.
34
Let q(k) = -k**3 - k**2 - 2*k + 1. Let r(s) = s**3 - 23*s**2 - 6*s + 33. Let n(y) = -2*q(y) + r(y). What is the remainder when 64 is divided by n(7)?
13
What is the remainder when ((-486)/(-12))/(2/20) is divided by ((-83)/3 + (-28)/336)/(3/(-4))?
35
Suppose -23*k + 195 + 8062 = 0. Let f = k + -341. Calculate the remainder when 68 is divided by f.
14
Let a = -3433 + 7028. What is the remainder when a is divided by 116?
115
Let i(u) = u**2 - 8*u + 2. Let v = 21 + -16. Suppose -201 - 53 = -5*g + 2*b, -v*b = -g + 37. What is the remainder when g is divided by i(9)?
8
Let r = -11 + 65. Suppose -88*l - 57 = -91*l - 5*a, 0 = 3*l - 3*a - 57. Calculate the remainder when r is divided by l.
16
Suppose 335 = -45*z + 48*z - 4*s, -2*s + 214 = 2*z. Calculate the remainder when z is divided by 60.
49
Let r(k) = k**2 - k + 41. Suppose 120 = -63*q + 68*q. Suppose -d = -z + q - 185, 5*d + 5*z = 785. What is the remainder when d is divided by r(0)?
36
Let g = -25983 - -26001. Calculate the remainder when 3742 is divided by g.
16
Let q = 35 + -34. Let v be (q - (-15)/(-9))/(8/(-228)). Suppose -u = -2*u + v. Calculate the remainder when 32 is divided by u.
13
Let q(d) = 8*d**2 - 73*d + 14. Let p be q(9). Let r(f) = -f**2 + 7*f - 7. Let j = 36 - 8. Calculate the remainder when j is divided by r(p).
1
Let g = -5754 - -5866. What is the remainder when 197 is divided by g?
85
Suppose 4*x - 6 = 2*i, 5*i - 3*i = 2*x - 8. Let w be (5 + i/1)/1. Suppose 2*y - 58 + 12 = w. What is the remainder when 43 is divided by y?
20
Suppose -3*c + 13 = -2*c. Suppose -10*x + 1241 = 5*o - 12*x, 9*x + 1297 = 5*o. What is the remainder when o is divided by c?
11
Let j(g) = -g**3 - 5*g**2 + 20*g + 36. Suppose -5*n = 2*n - 2359. What is the remainder when n is divided by j(-8)?
65
Suppose -29*i = -23*i - 24. Let u be i/(-14) - 6/((-42)/23). Suppose 0 = 3*h + u, 3 = 2*y - 4*h - 5. Calculate the remainder when y is divided by 1.
0
Let l(c) = -55*c - 91. Let t = 272 + -228. What is the remainder when l(-20) is divided by t?
41
Suppose -17*u + 7*u + 30 = 0. Suppose -3*z = -24 - 63. Suppose z + 34 = u*b. What is the remainder when b is divided by 7?
0
Let o(l) = 2*l**2 - 12*l - 19. Let i = 115 - 70. Let m be i/30*(2 + (-10)/(-3)). What is the remainder when o(m) is divided by 7?
6
Let q = 9 - -1. Suppose -321 - 1019 = -q*w. What is the remainder when w is divided by 34?
32
Let b = 325 + -210. Let s = -71 - -95. Calculate the remainder when b is divided by s.
19
Let x(a) = -a**2 - 527*a - 3631. What is the remainder when 1091 is divided by x(-7)?
2
Suppose -183 = 12*a - 9*a. Let c = -98 - a. Let f = c + 50. What is the remainder when f is divided by 8?
5
Suppose 0 = -31*l + 36*l + 5, g - 36 = 2*l. What is the remainder when 305 is divided by g?
33
Let r = -41 - -274. Let i = r + -183. What is the remainder when i is divided by 13?
11
Let f(o) = o**3 + 19*o**2 - 3*o - 41. Let g(m) = -m**2 - 21*m + 81. Let d be g(-25). Calculate the remainder when 57 is divided by f(d).
9
Let q(n) = 597*n**3 - 3*n**2 + 6*n - 4. What is the remainder when q(1) is divided by 196?
8
Suppose 84*t + 13976 = 82268. What is the remainder when t is divided by 62?
7
Calculate the remainder when 780 is divided by (264/12)/((-10)/(-10)).
10
Suppose -11 = -2*q + 4*k - 15, -3*q - 26 = -k. What is the remainder when (4/q)/((-6096)/870 - -7) is divided by 21?
16
Let n(v) be the second derivative of -v**4/12 - 11*v**3/6 + 39*v**2 - 2*v - 28. Calculate the remainder when n(-14) is divided by 23.
13
Suppose 0 = 97*q - 119*q - t + 632, 5*t = -4*q + 192. Calculate the remainder when (-344)/(-10) + 2/(-5) is divided by q.
6
Let r = 1085 - 997. Calculate the remainder when 250 is divided by r.
74
What is the remainder when 1*(-6891)/(-21)*(4 - 1 - -4) is divided by 11?
9
Let u(s) = -s**3 + 15*s**2 - 25*s - 8. Let n be u(13). Suppose -n*i - l + 651 = 0, -5*l + 125 - 538 = -3*i. Calculate the remainder when i is divided by 22.
21
Let d(j) = -17 + 6 - 4*j + 5. What is the remainder when 179 is divided by d(-4)?
9
Let m(l) be the first derivative of -l**4/4 + 5*l**3/3 + 7*l**2/2 + 13*l + 17. Let j be m(7). Let a = j + 55. Calculate the remainder when 37 is divided by a.
18
Let p = -12923 - -13189. What is the remainder when 365 is divided by p?
99
Let t(g) = 69*g - 6535. Calculate the remainder when 4337 is divided by t(95).
17
Suppose -4*o + 16*p + 8520 = 17*p, -4*o = 4*p - 8532. Calculate the remainder when o is divided by 41.
38
Suppose -33*a + 30*a + 930 = 3*q, -2*a = -5*q + 1564. Calculate the remainder when q is divided by 39.
0
Let q = 313 - 284. Suppose 2 = -2*d, 0 = -4*v - 0*d + 2*d + 666. What is the remainder when v is divided by q?
21
Suppose 0 = 4*g + 2*u - 248, -2*u = -5*g - 150 + 451. Calculate the remainder when 2553 is divided by g.
52
Let o(u) be the second derivative of 13*u**3/2 - 51*u**2 - 5*u + 1. Calculate the remainder when 1/(654/326 + -2) is divided by o(3).
13
Calculate the remainder when (-7641)/(-15) - 228/(-380) is divided by 49.
20
Let n(v) = -215*v - 4699. Calculate the remainder when (-1084)/(-18) - (-2)/(-9) is divided by n(-22).
29
Suppose -g + 2*k - 1 + 473 = 0, 3*g - 2*k - 1428 = 0. Calculate the remainder when g is divided by 235.
8
Suppose 0 = -19*b + 20*b - 168. Suppose -15 = -3*q + 12. What is the remainder when b is divided by q?
6
Let w be (48/(-40))/(2/(-150)*-1). Let p = w + 90. Calculate the remainder when p - 10*(-7)/(28/12) is divided by 8.
6
Let h(x) = 5*x**2 + 7*x - 3. Calculate the remainder when h(-6) is divided by 4*136/(-40)*10/(-4).
33
Suppose 0 = -3*v - v + 8. Let p = -1323 + 1382. Calculate the remainder when p is divided by v.
1
Suppose -42*w = -78 - 6. What is the remainder when 28 is divided by ((4 - 1) + w)/((-2)/(-4))?
8
Suppose -11*x - 24 = -19*x. Let a be (0 + 2)*(-4)/8. What is the remainder when (1*-7)/(a/2) is divided by x?
2
Suppose -3*j = -91 - 35. Suppose -10*w = -10*r + 14*r - 42, 5*r + 33 = -3*w. Calculate the remainder when j is divided by w.
6
Suppose -4*j = -68 - 104. Suppose 8*o = 253 + j. Calculate the remainder when 102 is divided by o.
28
Suppose 0 = -4*f - i + 314, -5*i = -f + 128 - 39. Let g = -77 + f. Suppose -g*n = -1 - 65. What is the remainder when n is divided by 7?
5
Suppose 0 = -15*t - 33 + 153. Let f(x) = -8*x + 7. Calculate the remainder when f(-3) is divided by t.
7
Suppose -1183 = 197*x - 210*x. Calculate the remainder when 1272 is divided by x.
89
Let t(a) = -27*a - 2620. What is the remainder when 4882 is divided by t(-98)?
20
Let p be (-4658)/(-8) + (-2)/(48/(-18)). Let r = p - 507. Calculate the remainder when r is divided by 27.
22
Let c(w) be the second derivative of -7/12*w**4 + 1 - w - 7/2*w**2 + 1/20*w**5 + 5/3*w**3. What is the remainder when c(6) is divided by 5?
2
Suppose 0 = -5*v + 84 + 6. Suppose 5*b - 87 = -3*y, 0 = 2*b + 358*y - 357*y - 36. Calculate the remainder when b is divided by v.
3
Suppose -i + 794 = y + y, -5*i + 30 = 0. Calculate the remainder when y is divided by 119.
37
Suppose -30 + 14 = 16*v. Calculate the remainder when 84 is divided by ((v - -5) + -3)/((-3)/(-147)).
35
Suppose -24 = -3*x - 362*a + 361*a, 2*a + 6 = 3*x. Calculate the remainder when 38 is divided by x.
2
Suppose 17 = -3*x + 38. What is the remainder when x*(7 + -6)*18 is divided by 21?
0
Suppose 0 = u - 0*u - 4*a - 94, 0 = 5*a - 10. Let z(t) be the first derivative of -t**3/3 + t**2/2 + 26*t - 14. What is the remainder when u is divided by z(0)?
24
What is the remainder when 2367 is divided by